ue
Is 1487622217 prime?
True
Is 701607353 composite?
True
Is 61809921473 a prime number?
False
Is 1318555171 composite?
False
Is 2548202717 composite?
False
Is 36431759759 a prime number?
True
Is 30250431721 a composite number?
False
Is 20553007631 a prime number?
False
Is 2280981811 a composite number?
False
Is 480911981 composite?
True
Is 22301408159 a prime number?
False
Is 479848247 composite?
True
Is 1925017231 a prime number?
True
Is 3395146793 prime?
False
Is 13776049843 prime?
False
Is 29173594353 prime?
False
Is 3947198203 a prime number?
False
Is 1914431797 a prime number?
False
Is 2613855037 composite?
False
Is 373592311 prime?
False
Is 390421357 composite?
False
Is 12942677939 a prime number?
True
Is 10262415343 prime?
True
Is 14623243309 composite?
False
Is 1932992783 prime?
True
Is 37016988973 composite?
False
Is 90914121073 a prime number?
False
Is 1294225822 a prime number?
False
Is 650532871 a prime number?
True
Is 6827329883 composite?
True
Is 146498023 prime?
False
Is 2970006595 a prime number?
False
Is 424783783 a composite number?
True
Is 90541838 composite?
True
Is 33339373797 composite?
True
Is 357103301 composite?
False
Is 438709079 a prime number?
False
Is 23097593 a composite number?
False
Is 254986801 prime?
True
Is 9961676393 a prime number?
False
Is 6305872891 prime?
False
Is 5866714517 prime?
False
Is 3949472977 a prime number?
True
Is 203100979 prime?
False
Is 17478972601 a composite number?
False
Is 32096838727 a composite number?
False
Is 23984269129 a prime number?
True
Is 228424751 a prime number?
True
Is 3657379703 prime?
False
Is 19996660685 a prime number?
False
Is 956429933 prime?
True
Is 31048718177 a prime number?
True
Is 937630882307 a prime number?
False
Is 11621007143 a composite number?
False
Is 2167159739 composite?
True
Is 95681893 prime?
False
Is 687853139 prime?
True
Is 543552953 composite?
False
Is 111423311 composite?
True
Is 404760527 prime?
True
Is 8589024881 prime?
False
Is 54058955699 a prime number?
False
Is 306305617 prime?
False
Is 10236968251 a composite number?
True
Is 48084577 a composite number?
False
Is 121374440309 a composite number?
False
Is 993919967 a prime number?
False
Is 77999295217 a composite number?
False
Is 5298495023 prime?
True
Is 7129345007 a composite number?
True
Is 10492850261 a prime number?
True
Is 910691029 prime?
True
Is 516173253 a prime number?
False
Is 468455957 a composite number?
True
Is 32284982069 composite?
False
Is 29617971499 composite?
False
Is 445063369 a prime number?
False
Is 10623823369 a prime number?
True
Is 148157083 a composite number?
True
Is 4947075113 prime?
False
Is 809860853 composite?
False
Is 1077820633 a composite number?
False
Is 1970829823 prime?
True
Is 52150166623 a prime number?
False
Is 456762701 a composite number?
True
Is 548520563 a composite number?
True
Is 24884826299 a composite number?
False
Is 40706882561 composite?
True
Is 836102803 prime?
True
Is 15418831 a composite number?
True
Is 253715136881 composite?
False
Is 1088620073 composite?
True
Is 1665487767 composite?
True
Is 4277839849 a prime number?
False
Is 8582991907 a composite number?
True
Is 5910241877 prime?
True
Is 59371226 a prime number?
False
Is 2740403591 a prime number?
False
Is 499978043 a composite number?
False
Is 1315861957 a prime number?
False
Is 18056281501 composite?
True
Is 3857340923 a composite number?
False
Is 241105894 composite?
True
Is 12747454441 a prime number?
False
Is 1627614869 a composite number?
False
Is 44310222739 prime?
True
Is 47856810871 a prime number?
True
Is 11187607 composite?
False
Is 81783151579 a composite number?
False
Is 302309491 prime?
False
Is 115389367589 a prime number?
False
Is 395637647 a composite number?
False
Is 681478649 composite?
False
Is 3358416197 prime?
True
Is 731291809 a prime number?
True
Is 8413110037 a prime number?
True
Is 865045739 composite?
True
Is 6086417563 prime?
True
Is 37461271443 prime?
False
Is 129290674369 a composite number?
False
Is 287818799 a prime number?
False
Is 59345622937 a composite number?
False
Is 18674797379 composite?
True
Is 1816204063 a prime number?
True
Is 9852389609 a composite number?
False
Is 195972181 prime?
True
Is 8457281626 a prime number?
False
Is 895760743 prime?
False
Is 12718855789 a composite number?
True
Is 13671075661 a prime number?
True
Is 87495344281 a composite number?
False
Is 16085121719 a prime number?
True
Is 2778127571 composite?
False
Is 85675217 prime?
True
Is 15122439797 a prime number?
True
Is 46517309159 a prime number?
False
Is 36800846209 prime?
True
Is 48866700167 prime?
True
Is 581452211 a prime number?
False
Is 523972133 prime?
False
Is 18926302463 a prime number?
False
Is 109396181 a prime number?
True
Is 56569571837 a composite number?
True
Is 211130419 a composite number?
False
Is 7814297289 prime?
False
Is 1977199187 prime?
True
Is 7914653801 a prime number?
True
Is 1536329401 composite?
True
Is 181018993 a prime number?
False
Is 19697408149 a prime number?
False
Is 11136215683 a prime number?
True
Is 52866832391 composite?
False
Is 2204651621 prime?
True
Is 1594247443 a composite number?
True
Is 4398059999 prime?
True
Is 42962725321 a composite number?
True
Is 16780864253 a prime number?
False
Is 4584506117 a prime number?
False
Is 11209007219 a prime number?
False
Is 23144044591 composite?
True
Is 1008189374 prime?
False
Is 2212906517 composite?
False
Is 1484178473 prime?
False
Is 1563615143 a prime number?
True
Is 2433097897 prime?
True
Is 5555494547 composite?
True
Is 1796522839 prime?
False
Is 40726437457 prime?
False
Is 197215097 prime?
True
Is 4162157959 a prime number?
True
Is 6337186621 a composite number?
False
Is 2746482223 a prime number?
True
Is 5360447249 a composite number?
False
Is 23115607711 a composite number?
True
Is 73617933401 composite?
False
Is 12544509 a composite number?
True
Is 45099628099 a composite number?
False
Is 60967434053 a prime number?
True
Is 259133713 a prime number?
True
Is 16645571 prime?
False
Is 2444709203 prime?
False
Is 284427109 a prime number?
False
Is 2832809641 a prime number?
False
Is 10056534589 a prime number?
True
Is 66899951593 a prime number?
True
Is 550550837 composite?
True
Is 96271451735 a prime number?
False
Is 599857211 prime?
False
Is 1629697057 prime?
True
Is 7156716727 a prime number?
True
Is 1479239953 a composite number?
True
Is 1340424133 prime?
True
Is 685578259 composite?
True
Is 297595657 composite?
False
Is 2053196423 a composite number?
False
Is 595895003 a composite number?
True
Is 1541420597 a prime number?
True
Is 59289884785 prime?
False
Is 237566999193 composite?
True
Is 545906026 a prime number?
False
Is 69356108467 composite?
False
Is 4139196869 a composite number?
False
Is 466143329 a prime number?
False
Is 1198626171 a prime number?
False
Is 5553508313 prime?
True
Is 73197271573 a composite number?
False
Is 199456327 a composite number?
True
Is 477479029 prime?
True
Is 777743669 a composite number?
True
Is 115520469 a prime number?
False
Is 4329044371 prime?
False
Is 111057403 a prime number?
False
Is 206623528351 a composite number?
True
Is 151805701 prime?
True
Is 21797888803 prime?
True
Is 16933744033 prime?
True
Is 288294814829 a composite number?
True
Is 103317391 a prime number?
True
Is 104055498431 a prime number?
False
Is 11847748219 a prime number?
True
Is 126419641 prime?
False
Is 11089444789 composite?
False
Is 4127055157 a composite number?
False
Is 15049031839 a composite number?
True
Is 5493701911 composite?
False
Is 15204391229 prime?
False
Is 3921675979 a composite number?
True
Is 1036720129 prime?
False
Is 378646201 a composite number?
True
Is 305800349 a prime number?
True
Is 1178959697 a prime number?
True
Is 1444771871 a composite number?
False
Is 21701488027 composite?
False
Is 59988252451 prime?
True
Is 2233453333 a composite number?
False
Is 47298746827 composite?
True
Is 1751084411 composite?
True
Is 4264125133 composite?
True
Is 3994611581 composite?
False
Is 779142577 a composite number?
False
Is 1137961619 prime?
False
Is 15007190683 composite?
True
Is 4627976083 a composite number?
False
Is 6203376691 a composite number?
False
Is 631647557 prime?
True
Is 5085295711 prime?
True
Is 66784423921 a composite number?
False
Is 39